1
Let h = -711 + 768. Suppose 0 = h*s - 63*s + 7410. What are the prime factors of s?
5, 13, 19
List the prime factors of ((-88)/(-99)*(-168)/(-32) - 4)*132987.
2, 97, 457
Suppose 4*j - 10455 - 7845 = 0. What are the prime factors of j?
3, 5, 61
What are the prime factors of (-4)/((-60)/45) - -2520?
3, 29
List the prime factors of 69807/(-2)*(-16)/(-264)*-11.
23269
Let f = 33436 + -18800. What are the prime factors of f?
2, 3659
Suppose 19*c + 4108 = 6*c. Let t = c + 800. List the prime factors of t.
2, 11
Let y be 48/(-216)*(-17 - 1). Suppose -y*u + 46 + 530 = 0. Let r = u - 15. List the prime factors of r.
3, 43
Suppose 0 = -5*o + q + 13377, 3*o - 5895 - 2132 = q. What are the prime factors of o?
5, 107
Let m(w) = w - 82. Let b(i) be the third derivative of -i**3/6 + 15*i**2. Let p(n) = -3*b(n) - m(n). What are the prime factors of p(0)?
5, 17
Let q be 3*(-4)/6 + 1626. Suppose q + 651 = 7*w. List the prime factors of w.
5, 13
Let n be (-1 + 0 + -25)*1. Let i = n + 49. Let j = i + -18. What are the prime factors of j?
5
Let a = -338 + 482. Suppose 146*m - 3410 = a*m. List the prime factors of m.
5, 11, 31
Let s = -21112 - -47662. List the prime factors of s.
2, 3, 5, 59
Let x = 36 + 14. Let i = 50 - x. Suppose 4*o - 97 - 391 = i. What are the prime factors of o?
2, 61
Let z(u) = -u**3 + 22*u**2 + 36*u - 17. Let s(m) = -m**3 + 22*m**2 + 36*m - 16. Let b(y) = -2*s(y) + 3*z(y). What are the prime factors of b(23)?
2, 5, 7
Suppose 43*p - 12266 + 656 = 0. Let g = 604 - p. What are the prime factors of g?
2, 167
Let z(x) = -5*x**3 + x**2 + 6. Let u(q) = -q**3 + 1. Let i(s) = -6*u(s) + z(s). Let a be i(-1). Suppose a = 2*k - 309 - 9. What are the prime factors of k?
3, 53
Let w(s) = 342*s**2 + 59*s + 298. List the prime factors of w(-5).
3, 2851
Suppose -13 = -8*g - 21. Let d be 1*(g + -7 + 4) + 9. Suppose -7*r = -h - d*r + 185, 3*h - 505 = -4*r. What are the prime factors of h?
5, 7
Let p = -33376 + 48137. What are the prime factors of p?
29, 509
What are the prime factors of 231/616 - (-112394)/16?
5, 281
Let c(u) = -u - 2. Let v be c(-8). Let d = -32 + v. Let n(b) = -b**3 - 27*b**2 - 26*b + 38. What are the prime factors of n(d)?
2, 19
Let n = 5521 + -1765. Let x = -2658 + n. List the prime factors of x.
2, 3, 61
Suppose -3*z + 51 = 3*t, 15 = -z + 6*z. Let v(k) = -17*k + t*k - 2 + 1. What are the prime factors of v(-7)?
2, 5
Let y(x) = x**3 - x**2 + 2*x + 309. Let p be 0 + -1 + 3 + -2. Let q be y(p). Suppose 2*h = 5*k - 223 - q, k - 128 = -5*h. What are the prime factors of k?
2, 3
Let u(b) = -13 - 364*b**3 + 5 + 5 + 2. What are the prime factors of u(-1)?
3, 11
Suppose -2*f + 17*f - 13620 = 0. Let o = -742 + f. List the prime factors of o.
2, 83
Suppose 0 = -335*q + 348*q - 60593. What are the prime factors of q?
59, 79
What are the prime factors of (-105)/(141/(-70) + (48/(-8) - -8))?
2, 3, 5, 7
Let h = -26 + -5. List the prime factors of (h/(-2))/(((-104)/(-112))/13).
7, 31
Let a(l) = -l**3 + 5*l**2 - 4*l + 10. Let j be a(4). Suppose 2*m = -k - 9, 11*m - j*m - 8 = 2*k. Let u(v) = -2*v**2 - 12*v. List the prime factors of u(k).
2, 5
Let t(w) = 47*w - 126. Let a(c) = 3*c + 76. Let o be a(-19). List the prime factors of t(o).
13, 59
Suppose 117*d = 116*d + 693. Suppose 3*s + 4*k + d = 2826, -2844 = -4*s + 5*k. What are the prime factors of s?
3, 79
Let s(c) = c**2 + 5*c - 16. Let a be s(-7). Let z = a + 116. Suppose -2*i + i = -z. List the prime factors of i.
2, 3, 19
Let y(h) = -h**2 - 5*h - 1. Let w be y(-2). Let n be 20/w + (-3 - -1). Suppose 0 = n*l + l - g - 241, 4*l + 5*g = 353. List the prime factors of l.
2, 41
Let u(l) = -160*l - 199. Let w be u(-6). Let d = w - 336. List the prime factors of d.
5, 17
Suppose -10*b + 4160 = -4030. What are the prime factors of b?
3, 7, 13
Suppose 400 = w + w + 5*q, 2*w - q = 412. Suppose 9*d - w = -34. Let a = -7 + d. List the prime factors of a.
2, 3
Let i(h) = 56 + 0 + 53 + 0 - 68*h. What are the prime factors of i(-8)?
653
Let d = -34 - -262. Let o = 28 - 28. Suppose -5*p + 362 = m, -3*p + 0*p + 3*m + d = o. List the prime factors of p.
73
Let w(u) = u**2 + 3*u + 20. Suppose h + 89 = 81. Let y be w(h). Suppose 420 = 3*p + y. What are the prime factors of p?
2, 3, 5
Let m(c) = 2*c**3 - 56*c**2 - 65*c + 48. Let p be m(29). Let d = -415 - -734. Let y = d + p. What are the prime factors of y?
2, 41
List the prime factors of 832/1248 - (-2 - 151/3).
53
Suppose 2*v - 3*n - 44147 = 0, -15*v - 4*n = -10*v - 110425. List the prime factors of v.
71, 311
Suppose -13*n - 98*n = -92572 - 485405. List the prime factors of n.
41, 127
Suppose 4*i + 20 = 2*o - 0*i, o - 5*i = 25. Suppose -5*x + 13*x - 16 = o. List the prime factors of ((-3)/(-3 - 0))/x*34.
17
Let d be 27/3 + -8 - -164. Suppose 4*n - 827 = d. What are the prime factors of n?
2, 31
What are the prime factors of 8694 - -1*(-64)/(-8)?
2, 19, 229
Let r = 980 - 970. Let u = -880 - -1829. Suppose 891 = r*q - u. What are the prime factors of q?
2, 23
Let d(u) = u**2 + 10*u + 124. Let v be d(15). Let t = 1077 + v. What are the prime factors of t?
2, 197
Suppose 18*u = 11*u - 57624. What are the prime factors of (-4)/(-6)*u/(-112)?
7
Let q(z) = z**2 - 30*z - 131. Let f be q(34). Suppose -w = -5*w + 56. Suppose -f*p + w = -4*p. What are the prime factors of p?
2, 7
Suppose 4402 = 4*t + 2*c, -5*t + 5831 = 5*c + 331. Let y = t + -410. List the prime factors of y.
691
Let n = 123 - -208. Suppose f - n = 4*c, 1343 = 4*f - c + 4*c. List the prime factors of f.
5, 67
Let w(v) = 3*v - 4. Let c(p) = 3*p - 3. Let o(d) = -5*c(d) + 6*w(d). Let t be o(4). Suppose l + 26 = t*l. List the prime factors of l.
13
Let v(n) = 2*n**2 - 36*n - 29. Let m(b) = -4*b**2 + 73*b + 58. Let r(a) = -2*m(a) - 5*v(a). List the prime factors of r(16).
61
Let k(d) = d**3 - 11*d**2 - d + 7. Let s be k(11). What are the prime factors of (-494)/s - (-1)/(-14)*7?
3, 41
Let k be (-2335)/(-35) - 6/(-21). Suppose 101 = 4*l - 5*s, 5*l - 2*l - k = 2*s. Let m(c) = 5*c + 2. List the prime factors of m(l).
97
Suppose -2*j - 2*t = 2532, -12*t = -j - 7*t - 1236. Let d = -794 - j. List the prime factors of d.
467
Suppose 2*m - 9139 = 5*u, -5*u = 6*m - 5*m - 4547. List the prime factors of m.
2, 2281
Suppose -5*h + 61*z + 11025 = 66*z, 2*h - 4409 = -3*z. List the prime factors of h.
2, 1103
Let k(b) = 28*b**3 + 6*b**2 - 20*b - 9. Let y(f) = 9*f**3 + 2*f**2 - 7*f - 3. Let s(z) = -3*k(z) + 8*y(z). What are the prime factors of s(-3)?
3, 11
Suppose 0 = 3*d - 4*v - 15311 - 5019, d = -4*v + 6750. What are the prime factors of d?
2, 5, 677
Let m be (-35)/2*(57 - 55). Let h = 848 - m. List the prime factors of h.
883
Let f = 106 + -102. Suppose -8*u = -13*u + f*d + 1735, -694 = -2*u - 2*d. Suppose -u = -4*o + 85. List the prime factors of o.
2, 3
Let b = -1 + 1. Suppose 0 = 4*x - b*z + z + 322, -x - 85 = -2*z. Let w = x + 147. List the prime factors of w.
2, 3, 11
Let u = 1003 + 93. Let l = u - 508. List the prime factors of l.
2, 3, 7
Suppose -z - 78 = -3*v + 25, 2*z = 4*v - 198. Let m = 266 + -389. Let k = z - m. What are the prime factors of k?
2
Suppose 3*n = -5*x + 57030, -4*x + 55*n = 59*n - 45624. What are the prime factors of x?
2, 3, 1901
Suppose 5*i - 65671 = -2*g, 3*g + 2*i - 75789 = 22712. List the prime factors of g.
32833
Let s = 2 + 1. Suppose -3*v = -a - 9, 99*a = -4*v + 97*a + 22. Suppose -s*j - v*u + 86 = 0, -2*j + u = -1 - 60. What are the prime factors of j?
2, 3, 5
Suppose 0 = f + 4*w - 75, -5*f + 465 = 5*w - 3*w. Let s = f - 83. Suppose 0 = i - s - 1. What are the prime factors of i?
13
Let v be (140/(-40))/(1/2). Let q = v + 90. List the prime factors of q + 1*8/2.
3, 29
Suppose -86*m + 25*m = 8*m - 2174328. What are the prime factors of m?
2, 3, 13, 101
Let y = 3398 + -1804. Let w = y + -893. List the prime factors of w.
701
Suppose 0 = -55*h + 27*h. Let q = 4 + -2. Suppose h = -4*m + q*m + 118. List the prime factors of m.
59
Let a(g) = 65*g**2 - 78*g - 467. List the prime factors of a(-6).
2341
Let u(m) = -5*m**2 + 3*m - 11. Let o be u(3). Let s = 1043 + o. List the prime factors of s.
2, 3, 83
Let n(b) be the second derivative of 7/3*b**3 - 13*b - 10*b**2 + 0. What are the prime factors of n(5)?
2, 5
Let d(s) = 16*s**2 - 180*s + 3115. List the prime factors of d(48).
7, 11, 37
Suppose -5